 of k?
2
Suppose 5*g = g + 60. Let n = 34 - g. Let o = n - 8. What is the units digit of o?
1
Suppose -108 = -3*c - 0*c. Suppose 4*x + 0*n - c = 5*n, 4*n = 2*x - 24. Suppose 0 = 2*k - x*k + 12. What is the units digit of k?
6
Suppose d - 25 = -4*j, 2*j - 3*j - 114 = -3*d. Suppose 41 = 3*m - d. What is the tens digit of m?
2
Let t = 4 + -25. Let f = 44 + t. What is the units digit of f?
3
What is the tens digit of ((-39)/6)/((-4)/16)?
2
Let c be ((-6)/4)/((-5)/(-10)). Let p = c - -2. What is the units digit of (-3 - p)*(-18)/4?
9
Let j be (-144)/4*2/(-3). Suppose -4*c + j = -c. What is the units digit of c?
8
Suppose 0 = -5*p + 3*a + 10, 5*p + 4*a = 4*p + 2. Suppose 2*q - 4 = -p*m, q + m + 16 = 3*q. Suppose q*r - 4 = 5*r. What is the units digit of r?
4
Suppose -4*b - 7*p + 2*p - 3 = 0, -4*p - 12 = 0. Suppose -4*h + 0*q + 13 = -b*q, 53 = 4*h + 5*q. What is the units digit of h?
7
Let s = 5 - 4. Let j be (-2)/2 - -19*s. Suppose -j = -2*q + k, 0 = -q - q + 4*k + 30. What is the units digit of q?
7
Let j = -13 + 5. Let d be (-21)/(-12) + (-2)/j. Suppose d*f + 4*o = -18, 3*o + 24 = 3*f + 6. What is the units digit of f?
1
Suppose 6749 = 3*z + 14*z. What is the units digit of z?
7
Let t = 192 + -63. What is the hundreds digit of t?
1
Let w = 5 - 2. Suppose 4*o = -w*a, 4*o + 9*a = 4*a. What is the units digit of 2 + (0 - -2) + o?
4
Suppose w - 15 = -4*w. What is the units digit of (-301)/(-35) + w/(-5)?
8
Let h = 0 - -4. Suppose -2*c + 3*t + 13 = 0, 3*c = -c + 4*t + 20. Suppose 8*i - c*x - 44 = 3*i, -4*i = h*x - 24. What is the units digit of i?
8
Suppose 4*w - 4*i = i - 18, i = -w. What is the units digit of (3 + w)/(5/20)?
4
Suppose 2*m + 9 = -7. Let a(k) = k + 18. What is the tens digit of a(m)?
1
Suppose 2*d = d + 46. What is the units digit of d?
6
Let d(q) be the second derivative of q**4/12 - 5*q**3/6 - 3*q**2 + q. What is the units digit of d(7)?
8
Let b = -2 - -7. Let m = 5 - b. Let j(a) = a**3 + a**2 + 3. What is the units digit of j(m)?
3
Let d = 72 - 13. What is the tens digit of d?
5
Suppose 3*m - 2*m = 2*c + 128, 4*m - 5*c - 518 = 0. What is the tens digit of m?
3
Let d = -59 - -104. What is the units digit of d?
5
Let k(m) = -m + 5. Let z be k(7). Let u(c) = -2*c + 5. Let y be u(9). Let n = z - y. What is the units digit of n?
1
Let g(j) = j**3 + 11*j**2 + 7. Let r be g(-11). Suppose -r*z = -2*z - 10. What is the units digit of z?
2
Let s = 0 + 8. What is the units digit of s?
8
Let c = -11 + 16. Suppose -c*x = 2*g - 8 - 7, 0 = -4*g + 20. What is the units digit of x?
1
Let x = 4 + -7. What is the units digit of (x - -1) + 9*1?
7
Let u(n) = n**3 - 6*n**2 + 8*n - 6. Let t(m) = -m**3 - 9*m**2 - 10*m - 11. Let y be t(-8). Let i be u(y). Suppose 2*p - i = -p. What is the units digit of p?
3
Let j = 18 - 13. What is the units digit of j?
5
Suppose -2*j + 0*j = 2*h - 70, 0 = 5*h - 4*j - 175. What is the units digit of h?
5
Suppose 5*v - 13 - 92 = 0. What is the units digit of v?
1
What is the units digit of ((-10)/3)/(-1 - 147/(-153))?
5
Suppose 183 = 5*f - b, 2*b = -5 - 1. What is the units digit of -2 + f + 6/3?
6
Suppose 5*d - 1 = -b, 2*b = -4*d + 7 - 5. What is the units digit of b?
1
Let k(j) = -30*j + 6. Let l be k(4). What is the tens digit of 3/((-9)/l) + 1?
3
Let p = -4 + 10. Suppose 0 = l + 3*b + p, -l - 1 - 2 = 2*b. What is the units digit of l?
3
Let h = 7 - 10. Let q be (-2)/(-7) - (-178)/14. Let u = h + q. What is the units digit of u?
0
Let s = -18 + 30. What is the tens digit of s?
1
Let k be -2*(-2 - -3) - -2. Suppose -3*t + k*t = -66. What is the tens digit of t?
2
Let w = 152 + -95. Let j = w + -23. What is the tens digit of j?
3
Let k(z) = -3*z + 1. Let t be k(-1). What is the units digit of (-2)/t*2 - -19?
8
Let v = 258 - 174. What is the units digit of v?
4
Suppose -7*d + 0*d = 0. Suppose -w - 4*p + 10 = -1, -5*w + 2*p + 11 = 0. Suppose 4*k = l - d*l + 13, w*k = 3*l + 3. What is the units digit of l?
3
Let r(k) = -k**2 + 8*k - 7. Let n be r(7). Let v be (n/3)/(1 - -1). Suppose -3*b = -v*b - 12. What is the units digit of b?
4
Let t(q) = -q**2 + 9*q + 10. Suppose 5 = 3*n - 16. Let w be t(n). Suppose -r + w = r. What is the units digit of r?
2
Let h be (-6)/4*(-256)/24. What is the tens digit of (45/20)/(2/h)?
1
Let p = -1 + 1. Let w = p - -7. What is the units digit of w?
7
Let d(q) = q + 10. Let a be d(-6). Suppose x = -3 + 1, 0 = -2*g - a*x - 14. What is the units digit of 3/(-6 - g) - -17?
6
Let r be -2 - (0 + 2)*-1. Suppose 4 = -r*z - 4*z. What is the tens digit of z/((-2)/20) - 0?
1
Let y(b) = 4*b**2 + 43*b + 1. What is the tens digit of y(-15)?
5
Let u(r) = 7 - 3*r - 5*r + 0*r + 6*r. What is the units digit of u(3)?
1
Suppose -13 = 3*d + 35. Let s be (d/5)/((-1)/(-5)). What is the units digit of (-76)/s - (-2)/8?
5
Suppose -7*p + p = -654. What is the tens digit of p?
0
Suppose -7*o - 30 = -2*o. What is the units digit of 3/o*(2 + -12)?
5
Let l be (-2)/(-12) - (-182)/(-84). What is the tens digit of l/(148/(-48) + 3)?
2
Let o be (-4)/14 - 148/(-28). Suppose -456 = o*q + 244. What is the units digit of q/(-16) - (-1)/4?
9
Suppose -4*l = -3*l. Suppose 0 = -l*d - 2*d. Suppose 4*s = -d*s + 52. What is the tens digit of s?
1
Suppose -4*p + 20 = -2*p. Let x = p + -5. What is the units digit of x?
5
Suppose 0 = 3*r + 3*v - 6*v + 27, -3*r + 5*v = 35. Let k = r + 10. What is the units digit of k?
5
Let k(o) = -2 + 0 - 1 + 5*o. Let b be k(4). Suppose 3*s - b = -2. What is the units digit of s?
5
What is the units digit of (-8)/(-5)*100/4?
0
Let k(x) = 0 - 2 - 4 - x. Let j be k(-6). Suppose 2*i + 24 = 2*g + 10, i + 2 = j. What is the units digit of g?
5
Let i = 19 + -16. Suppose -i*a + 31 = -80. What is the units digit of a?
7
Suppose 3*o - 479 + 44 = 0. What is the units digit of o?
5
Suppose -2*w = 10, h + 4*w = -4*h + 135. What is the units digit of h?
1
Let m(x) = -12 + 27 - 13 + 7*x. What is the tens digit of m(2)?
1
Let j(n) = 5 + n**3 - 2*n - 2 + 3*n**2 - 2*n**3. Let h be j(3). Let y(a) = -a**3 - 3*a**2 + 2. What is the units digit of y(h)?
2
Suppose 0*p = p - 140. What is the units digit of p?
0
Let o be (-15)/2*6/(-9). Suppose -3*r + o*r = 10. Suppose 0 = -0*h - h - 5*f - 3, -r*f = -5*h + 45. What is the units digit of h?
7
Suppose r + 4 = 1. Let s = 0 + r. Let k = s + 15. What is the tens digit of k?
1
Let k be (-3 + 92)*(1 + 0). Suppose 5*m - 21 = k. What is the units digit of m?
2
Let b(y) = y**2 + 10*y - 13. Suppose -2*f = 2, 0 = 5*v - 0*v + 2*f - 238. Suppose 0*p - 4*p = v. What is the tens digit of b(p)?
1
Let f = -51 - -131. What is the units digit of f/15 - 1/3?
5
Let r = -1 + 1. Suppose 2*c = -4*f + 36, r = 2*f - 0*c - 3*c - 34. What is the units digit of f?
1
Let a be -6*2/(-4) - 0. Suppose 2*z + 3 = i, -5*i - a*z + 54 = -0*z. What is the units digit of i?
9
Let z be 1/(-3 - (-21)/6). What is the units digit of (-69)/6*z*-1?
3
Suppose 49*k - 520 = 45*k. What is the units digit of k?
0
Let j = 25 - 9. Suppose 0*b - 2*b - 8 = 0. Let q = b + j. What is the tens digit of q?
1
Let m = -52 - -82. Suppose 5*u + 37 = 2*g + 8, 5*g = 4*u + 30. Suppose 0 = -h - g*h + m. What is the tens digit of h?
1
Suppose -4*g + 3*g + 10 = 0. Suppose 25 = 3*d + 4*v, 3*d - 5*v = -2*v - 3. Suppose d*l = 8 + g. What is the units digit of l?
6
Let d = -294 - -451. What is the tens digit of d?
5
Suppose 0*d + 12 = s - 2*d, 0 = 3*s + 3*d - 9. Suppose s*t - 2*t = -4*u + 24, -3*u = 2*t - 15. Let q(j) = j**3 - j**2 - 2*j + 1. What is the tens digit of q(u)?
1
Let y(i) = 7*i**2 + 5*i - i**3 - 3*i**2 + 7 + 4*i**2 - 3*i**2. Suppose 12 = 5*q - 18. What is the units digit of y(q)?
1
Let m(t) = -t**3 + 4*t + 1. Suppose -3*n - 6*j - 5 = -2*j, -3*n + 2*j - 11 = 0. What is the tens digit of m(n)?
1
Suppose -3*x + f + 15 = 5, 0 = 3*x - 4*f - 22. Let u be 0/((-2)/4*x). Suppose u = 5*w + 4*n - 60, -3*w - 3*n = -26 - 10. What is the units digit of w?
2
Suppose -4*q + 2*r + 82 = -0*q, -5*r = -5*q + 100. Let s = q + -13. What is the units digit of s?
8
What is the tens digit of (-2)/2 - 58/(-1)?
5
Let h be 33 + -3 + 2*-1. Let q = h + -16. What is the tens digit of q?
1
Let s be ((-8)/(-6))/(6/54). Suppose 2*c - 44 = -s. What is the tens digit of c?
1
Suppose 6*i - 2*c - 134 = 2*i, 4*i - c - 135 = 0. What is the units digit of i?
4
Suppose 0 = -u + 5*